 factor of w and 10.
10
Let c(m) = m**2 + 6*m + 13. Let j be c(7). Calculate the highest common factor of 26 and j.
26
Suppose 5*v + 47 = 7*v + f, 4*v + 5*f - 91 = 0. What is the greatest common factor of 15 and v?
3
Suppose -c + 2*l + 54 = -l, 0 = 5*c + 3*l - 306. Let n = c + -30. What is the highest common divisor of 6 and n?
6
Let r(l) = -78*l + 49. Let z be r(-6). Let f = 109 - 62. Calculate the highest common factor of f and z.
47
Let n be (-4)/2 + 2 + 0. Let h(i) be the first derivative of i**2/2 + 9*i + 10. Let p be h(n). What is the highest common divisor of 45 and p?
9
Let a(k) = 4*k**2 - 6. Let u be a(-3). Let c = 25 + -5. Calculate the highest common factor of c and u.
10
Let f(r) = -5*r**3 - 3*r**2 - 3*r - 2. Let h be f(-1). Let j be (-1)/(h/(-24) - 0). What is the highest common factor of j and 2?
2
Let g(y) = -4*y**3 - y**2 + y + 1. Let c be 92/115*(-1)/((-2)/(-5)). Let a be g(c). What is the greatest common factor of a and 189?
27
Suppose 68 = -0*r + 4*r. Suppose 4*y - r - 31 = 0. Let i be (-17 + -1 + 0)*(-22)/33. What is the highest common factor of i and y?
12
Let u be (-65)/(-3)*(-1 + 4). Suppose 0 = -2*h + 2, h - 5 = -3*n + 35. Calculate the greatest common divisor of n and u.
13
Suppose 2*n + 4 = z - 40, 5*z = -n + 176. Let d(t) = t**2 - 7*t + 16. Let u be d(7). Suppose u = 2*k - 8. What is the highest common factor of z and k?
12
Suppose -3*i - m = -38, 2*m - 47 = -2*i - 3*m. Suppose 4*a = -6 + 182. Calculate the highest common divisor of i and a.
11
Suppose 0 = -4*d + 4*f - 135 + 443, 0 = -5*d - 5*f + 385. What is the highest common factor of d and 88?
11
Let m be (-1 - -5) + 379 + (-56)/(-8). What is the highest common divisor of m and 60?
30
Let y(l) = -l**3 - 6*l**2 + 2*l - 76. Let d be y(-13). Calculate the highest common factor of 23 and d.
23
Let q = -2522 - -3392. What is the greatest common factor of q and 12?
6
Suppose 0 = 5*s, 2*s + 603 = 3*u - s. What is the greatest common divisor of u and 1139?
67
Suppose -3*m + 4*m + 8 = 5*i, -5*m - 17 = -2*i. Suppose 0 = 5*v + i - 16. Calculate the highest common factor of 6 and v.
3
Let g(l) = l**2 + 10*l + 11. Let w be g(-13). Let k = w + -10. Calculate the highest common divisor of k and 40.
40
Let b = 111 + -79. Let o be (-51)/(-119) + 109/7. What is the highest common factor of o and b?
16
Let t be 8*3/(-12)*-1. Let a be 42 + (-3 - -4)*t. Let o be (-64)/(-6) - 2/(-6). Calculate the greatest common divisor of a and o.
11
Suppose 10*h - 8*h = -5*l + 770, -4*l + 598 = -2*h. Calculate the greatest common factor of 8 and l.
8
Let j = 249 + -247. What is the greatest common factor of 28 and j?
2
Let g(t) = -3*t**3 - 11*t**2 + 5*t - 6. Let z be g(-6). Calculate the greatest common factor of z and 27.
27
Let r be ((-4)/10)/(6/(-285)). Suppose -1 = -h, r = 2*l - 3*h - 132. What is the greatest common factor of 11 and l?
11
Suppose -16*h + 350 = -15*h. Let a be ((-16)/(-10))/(2*7/h). What is the greatest common divisor of 360 and a?
40
Suppose -8*w - 935 = 3*w. Let q = w + 99. Let r(s) = -64*s - 2. Let z be r(-2). Calculate the highest common factor of z and q.
14
Suppose -3*k + 4*r + 72 = -2*k, -k = 3*r - 37. Let y = k + 50. Suppose m - y = -5*g - 13, 2*m + 2 = 0. Calculate the highest common divisor of g and 126.
18
Let s(o) = 8*o - 182. Let b be s(31). Suppose -2*c = -6 - 6. Calculate the highest common divisor of b and c.
6
Let l(i) = i**3 + 7*i - 19. Let h be l(3). What is the greatest common factor of h and 464?
29
Suppose 2*m = 3*g - 27, 4*m - 29 = 8*m - g. Let r be (-7)/42 - 343/m. What is the greatest common divisor of 19 and r?
19
Suppose 19*h - 6*h = 390. Let r be (-7 + 9)*(12 - (0 - -2)). What is the greatest common divisor of r and h?
10
Let x(d) = d**3 + 10*d**2 - 10*d. Let i be (-28)/3 + (-4)/6. Let k be x(i). Calculate the greatest common factor of k and 40.
20
Let d(f) be the third derivative of 2*f**3 + 1/30*f**5 + 3*f**2 + 0 + 0*f - 5/12*f**4. Let u be d(8). What is the greatest common factor of 12 and u?
12
Let r be 384/8 + (-1 - 1*-4). Let d be r/17 - 13*-1. Calculate the highest common factor of 112 and d.
16
Suppose 3*m - 2*q = 2*m + 8, -4*q + 82 = 5*m. Calculate the highest common divisor of 70 and m.
14
Let t(w) = w**3 - 15*w**2 - 10*w - 26. Let h be t(16). What is the greatest common divisor of 7 and h?
7
Let b be 63 + ((-2)/(-4)*4)/(-1). Suppose 0 = 2*m - b + 17. What is the greatest common factor of 198 and m?
22
Suppose -4*m = -5*m - 3*c + 803, -4*c - 810 = -m. Calculate the highest common divisor of 26 and m.
26
Let q be 93/6 - 5/10. Let v be -5*(-3)/(15/2). Let s = v + q. Calculate the greatest common divisor of 51 and s.
17
Suppose 0 = 2*d - 8, 0 = -5*u - 2*d + d + 234. Let x = 213 + -98. What is the greatest common factor of x and u?
23
Let q be (30/(-3))/(1/(-14)). Suppose -87*m + 90*m - 91 = -5*k, 3*k - 3*m = 69. Calculate the greatest common factor of k and q.
20
Suppose 4 = -2*m - 4. Let i be (-1)/(m/20*1). Suppose a = i + 9. Calculate the highest common divisor of 7 and a.
7
Let x = 17 + -14. Suppose 2*q = -4*s + 8, x*q - 12 = -3*s + 6. Let c = 116 + -60. Calculate the highest common factor of c and q.
8
Let i(v) = -v**2 + 6*v + 73. Let k be i(9). Calculate the highest common factor of k and 506.
46
Let r be (44/55)/((-2)/(-25)). Suppose 0 = -g - 4*g + r. Suppose 3*w = -g*w + 50. What is the greatest common divisor of w and 5?
5
Let y = 486 + -471. Calculate the greatest common divisor of 375 and y.
15
Let l be 5/(40/(-56)) + 187. What is the highest common divisor of l and 72?
36
Suppose -2*y - 5*p - 13 = -5*y, -y + 3*p + 7 = 0. Let o be 0/7 + y + 1. Let q(z) = 2*z**2 - 3. Let x be q(o). Calculate the highest common factor of x and 25.
5
Let j = 18 - 9. Let n(k) = -4*k - j - k + 11*k + 3. Let g be n(3). What is the highest common divisor of g and 132?
12
Let q(i) = -2*i - 8. Let l be q(-11). Let n be 2642/l + (-2)/(-7). Suppose 4*h = h + n. Calculate the highest common factor of 7 and h.
7
Let b = -1877 + 1927. Let z(c) = c + 5. Let n be z(5). What is the highest common divisor of b and n?
10
Let b(w) = -137*w - 5. Let p be b(-5). Let s = p - 356. What is the greatest common divisor of s and 36?
36
Let u = -399 - -412. Calculate the highest common factor of 221 and u.
13
Let i(f) = -f - 5. Let t be i(-5). Suppose -a + 9 + 5 = t. Suppose -2*h - 3*k = -277, 87 = h + 3*k - 50. Calculate the greatest common divisor of a and h.
14
Suppose b + 5 = 2*b. Let f = 5 - b. Suppose f*v - 180 = -3*v. What is the highest common factor of 15 and v?
15
Let o(q) = 4*q**2 - 28*q + 157. Let y be o(6). Calculate the greatest common factor of y and 57.
19
Let t(p) = p**3 - 12*p**2 - 2*p - 4. Let q be t(10). Let r = q + 328. Calculate the highest common divisor of 13 and r.
13
Let n(g) = g + 21. Let c be (-297)/(-22)*(-2)/(-3). Let t be n(c). Calculate the greatest common divisor of t and 60.
30
Let t = -65 - -69. What is the highest common divisor of 20 and t?
4
Let h be 20/(-50) + 94/10. Suppose -z = -1, 5*p - 135 = 4*z + 176. What is the highest common factor of p and h?
9
Let l be (0 - -1)*(-13 - -15). Let v = l - -6. What is the highest common factor of v and 8?
8
Suppose -l + 4*s = 20, -5*l - 3*s = -5 - 10. Suppose 4*b - 5 - 15 = 0. Suppose l = b*v - v - 52. Calculate the highest common factor of 26 and v.
13
Suppose -2*v - 2*c = -131 - 7, 5*c - 276 = -4*v. What is the highest common factor of v and 69?
69
Let u(x) = x - 1. Let d be u(1). Let h = d - -3. Let r(q) = -8*q + 195. Let a be r(24). What is the greatest common divisor of h and a?
3
Let n(d) = d**3 - 3*d**2 + 2. Let w be n(3). Let c(i) = 3*i**2 - 2*i - 34. Let g be c(-4). Calculate the highest common divisor of w and g.
2
Let f(t) = 73*t + 1. Let n(g) = -g**3 - 5*g**2 - 5*g - 2. Let y be n(-4). Let o be f(y). Let s = 106 - 85. What is the greatest common factor of o and s?
21
Let g = 26995 + -26984. Let k = -123 + 222. What is the greatest common factor of g and k?
11
Let r = 568 + -148. Let c = 12 + -9. Suppose -w + r = c*w. Calculate the greatest common divisor of 15 and w.
15
Let w = -1302 + 1345. What is the greatest common factor of 301 and w?
43
Suppose u + 0*w = 3*w - 14, 0 = -3*u - 4*w - 3. Let k be 105/(-42)*18/u. Calculate the greatest common factor of k and 9.
9
Let y(o) = o**3 - o*